s of m?
2, 3, 5
What are the prime factors of (-12704)/(-6)*(-177)/(-236)?
2, 397
Let t(g) = 2*g**2 + 9*g + 6. Let n = 20 + -27. Let b be t(n). Let s = b + -23. List the prime factors of s.
2, 3
Let i(a) be the third derivative of -a**6/120 + 10*a**3/3 - a**2. Let g be i(0). Let w = g - 14. List the prime factors of w.
2, 3
Let r be 273/9 - 4/(-6). Let u = -32 + r. What are the prime factors of -3 - (4 + u)*-6?
3, 5
Let b be 3/6 + (-11)/2. Let j = b + 5. Suppose j = -4*c + 80 + 136. What are the prime factors of c?
2, 3
Let t be 15/(-5) + (-18)/(-3). Let k(f) = -f**2 - 12 - t*f**2 - 3*f**2 + 9*f**2. List the prime factors of k(-6).
2, 3, 5
Suppose 6*h = -4*f + 4*h - 766, 5*h = -4*f - 781. Let o = -110 - f. What are the prime factors of o?
79
Let k(v) = v**3 + 3*v**2 - 5*v - 2. Let o(h) = -4*h + 5*h - 2*h - 2 + 1. Let s be o(2). What are the prime factors of k(s)?
13
Let x(p) = 42*p**3 - p**2 - 10*p - 12. List the prime factors of x(4).
2, 5, 131
Let d = 5124 + -3042. What are the prime factors of d?
2, 3, 347
Suppose 8*x = -509 + 2469. List the prime factors of x.
5, 7
Let h(l) = l**3 + l + 3. Let u be h(0). Suppose 0 = u*g + 52 + 65. List the prime factors of (-3)/(-2)*(-364)/g.
2, 7
Let j(f) = -6*f**3 - 8*f**2 + 7*f + 17. Let z be j(-12). List the prime factors of z/77 + (-4)/(-22).
7, 17
What are the prime factors of (0 + 0)/1 - 14190/(-10)?
3, 11, 43
Let h = 7154 - 4332. What are the prime factors of h?
2, 17, 83
Suppose 0 = g + 4*a - 3597, -2*a = -g + 1163 + 2440. List the prime factors of g.
13, 277
Suppose 3 = 5*c + f - 2*f, 5*f + 15 = 0. Suppose c = -o - 2*i + 31, o + o = -i + 71. Let b = o + -7. What are the prime factors of b?
2, 3, 5
Suppose y = 2, 4*q = y - 2*y + 1122. What are the prime factors of q?
2, 5, 7
Let o = -32 - -153. Suppose 2*m + 5*h + 62 = 0, 5*m + o = 5*h - 34. What are the prime factors of (-2)/4 - m/2?
3, 5
Suppose z + 4*z - 55 = 0. Suppose -n + z = -8. Let d = n - -30. What are the prime factors of d?
7
Suppose 0 = i - 3*r - 3, -3*r - 15 + 0 = i. Let w(h) = -2*h - 9. Let b be w(i). List the prime factors of (-3)/(-1 + 0) + b.
2, 3
Suppose -3 = -16*x + 15*x. List the prime factors of 71 + x + (1 - 0).
3, 5
Suppose 1102 = 20*k - k. Suppose -k = -3*z - 22. What are the prime factors of z?
2, 3
Suppose 360 - 93 = 3*p. Let n(w) = w**3 + 5*w**2 - 6*w - 3. Let v be n(-7). Let j = v + p. List the prime factors of j.
2, 3, 5
Suppose 2*c - 4088 - 1028 = 0. List the prime factors of c.
2, 1279
Let i(q) = 5*q**3 - 3*q**2 + 8*q + 22. What are the prime factors of i(6)?
2, 521
Let i be 176/(-24) - 4/6. Let t(s) = -6*s + 2. List the prime factors of t(i).
2, 5
Let t be (-12)/((15/2)/(-5)). Suppose -t*y + 120 = -11*y. Let d = y + 63. List the prime factors of d.
23
Let w = -34 + 37. Suppose -2*a + 149 = -m, -4*a + 8*m = w*m - 301. List the prime factors of a.
2, 37
Suppose r = -3*r + 12. Suppose l = 2*l + 3*o - 108, 3*l - 360 = r*o. List the prime factors of l.
3, 13
Suppose -37*v = -17*v - 39780. List the prime factors of v.
3, 13, 17
Let n be -49 - ((-3)/(-3) - 2). Let a be n/(-18)*(-102)/(-4). Suppose -a = -d - 4*g, 5*g + 68 = 3*d - 68. List the prime factors of d.
2, 13
Suppose -2*y = 7 + 7. What are the prime factors of 4 - (982/y + 8/28)?
2, 3
Let l(s) = 17*s**2 - 5*s + 16. List the prime factors of l(4).
2, 67
Suppose -3*c = 3*o - 165, 2*o + 0*c + c - 111 = 0. Let u be (126/(-8))/((-21)/o). Let m = u - 17. What are the prime factors of m?
5
Let u(y) = y**2 + 8*y + 12. Let f(a) = -2*a**2 - 7*a - 11. Let v(b) = -5*f(b) - 4*u(b). List the prime factors of v(-2).
5
Let y(b) be the second derivative of b**3/6 + 4*b**2 + 2*b. Let p(i) = i + 6. Let n be p(-6). What are the prime factors of y(n)?
2
Let p(d) = d**2 - 3*d - 5. Let l be p(-2). Suppose 4*c - 3*c + 1 = 0. Let t = l - c. What are the prime factors of t?
2, 3
Let d = -1697 - -2644. List the prime factors of d.
947
Let z(n) = 11*n**3 - 7*n**2 + 4*n - 4. List the prime factors of z(4).
2, 151
Suppose -367*g + 354*g = -13065. What are the prime factors of g?
3, 5, 67
Let j = 34 + -34. Suppose -8*v + 133 + 115 = j. List the prime factors of v.
31
Suppose -319 = -14*q + 1473. What are the prime factors of q?
2
Let k = 258 + -445. Let f = k - -283. List the prime factors of f.
2, 3
Suppose -75 = -2*l + 83. Let a = l + -128. Let g = a + 82. What are the prime factors of g?
3, 11
Suppose -11 - 4 = 3*g, 5*b - 4*g = 1605. Suppose b = 4*j - 383. What are the prime factors of j?
5, 7
Suppose -5*p = -d + 11, 2*d + 5*p = -40 + 137. Suppose 0 = -3*o - o + d. What are the prime factors of o/3 - (1 + -2)?
2
List the prime factors of (-1 - -22)*-2*(-284)/12.
2, 7, 71
Let a = -223 + 1360. What are the prime factors of a?
3, 379
Let j be 4/14 - (-17)/(357/(-2358)). Let v = 11 - j. List the prime factors of v.
3, 41
Let s be 27/2*(0 - -12 - 6). Suppose -83*l + 524 = -s*l. List the prime factors of l.
2, 131
Suppose -3*d + 4*h = -372, 2*d + 4*h - 5 = 263. List the prime factors of d.
2
Suppose 0 = 5*l + 25, 282 + 32 = f + 4*l. List the prime factors of f.
2, 167
Let m = 6389 + -3880. What are the prime factors of m?
13, 193
Suppose 21*d - 4576 = 10*d. What are the prime factors of d?
2, 13
Suppose -5 = -u - 0. Suppose 1 = 3*p - u. List the prime factors of (-18)/27*(-45)/p.
3, 5
Let t(z) = 87*z + 2. Let c be t(1). Suppose 0 = -4*u - c + 357. What are the prime factors of u?
67
Let z = -24 + 37. Let v(b) = b**3 - 15*b**2 + 32*b - 19. What are the prime factors of v(z)?
59
Let u(t) = -4*t**2 - 8*t + t**3 - 2 - 1 + 5. Suppose 5*f - 30 = -2*o, -18 = -3*f + 16*o - 15*o. List the prime factors of u(f).
2, 13
Suppose -39*n + 265 = -38*n. List the prime factors of n.
5, 53
Let g(w) be the second derivative of -3*w**2 - 2/3*w**4 - 1/3*w**3 - 1/20*w**5 - 7*w + 0. List the prime factors of g(-8).
2, 5
Suppose 2*j - a = 7, 4*j = -j - 2*a + 4. Suppose 8 = j*u, 18 = 5*b - 3*u + 5*u. Suppose 0 = -3*x + 15, -2*x - 70 = -b*y. What are the prime factors of y?
2, 5
Let w be 1/3 + (-33)/(-9). Let y(u) = -3 + 0*u**3 - u**2 + 2*u**2 + 4*u**2 - u**3 - 2*u. What are the prime factors of y(w)?
5
Let q be (-3 + (-20)/(-6))*129. Let d(r) = 7*r - 28. Let i be d(4). Suppose i*g = -g + q. What are the prime factors of g?
43
Suppose 4*d - 648 = 3*j + 287, 3*j = -3*d + 675. Suppose -12*v + 1366 = -d. What are the prime factors of v?
7, 19
Let r = -7 + 30. Let g = r + -39. List the prime factors of (g + 3)/(1/(-2)).
2, 13
Suppose 5 = -n + 3, 4*n + 413 = 5*r. Suppose 2*o - r = 31. What are the prime factors of o?
2, 7
Let o = 122 + -120. What are the prime factors of o + (-10)/2 + 224?
13, 17
Suppose 1026*a + 3489 = 1027*a. What are the prime factors of a?
3, 1163
Suppose 3*i = -x - 5562, -i - 4*x = 2*i + 5562. List the prime factors of (-2)/(-7) + i/(-126).
3, 5
Suppose r = 10 + 4. What are the prime factors of (-49)/r*(-4)/7?
2
Let u = 8 + -15. Let x = -7 - u. Suppose x*z + 2*z = 8. What are the prime factors of z?
2
Let j = 25 + -34. What are the prime factors of 3*12/j - -101?
97
Suppose -8*v - 1011 = -42603. What are the prime factors of v?
3, 1733
Suppose b = -l - 6, 2*b - 18 = l + 2*l. Let s = -16 - l. Let f = 14 + s. List the prime factors of f.
2
Let d(g) be the third derivative of -17*g**4/24 - g**3/6 + 7*g**2. List the prime factors of d(-2).
3, 11
Let o = -809 - -1519. What are the prime factors of o?
2, 5, 71
Let c(o) = o + 15. Let m be c(-10). Let q(k) = -3*k**3 + 4*k**2 + 2*k + 10. Let a be q(m). List the prime factors of 2/4 - a/6.
43
Let t = -1503 - -1511. What are the prime factors of t?
2
Suppose -8 = 4*u, -5605 = -5*a - 2*u - 464. List the prime factors of a.
3, 7
List the prime factors of (-4575)/(-15)*((-36)/(-10))/2.
3, 61
Suppose j - 154 = -46. Suppose 5*w = 5*n - 675, -n + 4*w + j + 42 = 0. List the prime factors of n.
2, 5, 13
Let v = 107 + 63. What are the prime factors of v?
2, 5, 17
Suppose 2*l + 3*h = 6, -3*h - 31 = 5*l - 7*h. What are the prime factors of (3 - (-246 - l)) + 0/4?
2, 3, 41
Let x be 42/(-2) + (1 - 0). Let o(i) = i**3 - 15*i**2 + 24*i - 7. Let c be o(13). Let a = x - c. What are the prime factors of a?
13
List the prime factors of (-180)/15*82/(-6).
2, 41
Suppose -2*k = -174 - 230. Suppose 3*g - k = 125. Let f = g - 61. List the prime factors of f.
2, 3
Let x(a) = -a**3 + 15*a*